t c be (-63248)/826 + 10/(-7). Let t = c + d. List the prime factors of t.
2, 3
Let l(c) = -c**3 - 16*c**2 + 17*c + 11. Suppose -8*x = -5*x + 51. Let u be l(x). Let b = 14 - u. List the prime factors of b.
3
Let r(x) = x - 1. Let o(b) be the third derivative of -b**3/3 - 10*b**2. Let n(z) = 6*o(z) - 7*r(z). What are the prime factors of n(-9)?
2, 29
Let f be 50/125*(-85)/(-2). Suppose 11*c = -f*c + 14812. List the prime factors of c.
23
Let s(i) = i**2 + 2*i + 635. What are the prime factors of s(-22)?
5, 43
Let w(q) = q**3 + 16*q**2 - 16*q + 16. Let d be w(-17). Let j(c) = c**3 - 5*c**2 + 5*c - 2. Let a be j(4). What are the prime factors of 103 + (-2)/a + d?
101
Let k be (-128)/(-26) + (-14)/(-182). Suppose -5*v - 3*b = -3801, -1287 = -4*v + k*b + 1739. What are the prime factors of v?
3, 11, 23
Let g(i) = 126*i**3 + 5*i**2 + 286*i**3 - i - 3 + 65*i**3. What are the prime factors of g(1)?
2, 239
Suppose 72*c = 25*c + 226117. Let b = -3290 + c. What are the prime factors of b?
3, 13
Let h(r) = 47*r**2 - 47*r - 6. List the prime factors of h(11).
2, 1291
Suppose 212 = -8*s + 180. List the prime factors of ((-130)/s)/((-1)/(-22)).
5, 11, 13
Suppose 58*x + 25*x - 171976 = 0. What are the prime factors of x?
2, 7, 37
What are the prime factors of (-3)/(-7) + 180990/70?
2, 3, 431
Let k = -68 - -35. Let q = k + 74. List the prime factors of q.
41
Let d(m) = 515*m. Let o(u) = 2*u**2 - 40*u + 1. Let w be o(20). What are the prime factors of d(w)?
5, 103
Let l(q) = 31*q**2 - 64*q + 186. List the prime factors of l(7).
3, 419
Let d = -2 - -2. Suppose 8*n + 1738 = -n + 167*n. Suppose d = n*m - 15*m + 276. What are the prime factors of m?
3, 23
Let m = 45 - 41. Suppose u + 2 = 5*u + 2*w, m*u - 3*w = 17. Suppose 6*p - u*p - 460 = 0. List the prime factors of p.
5, 23
Let g = -2768 + 6204. What are the prime factors of g?
2, 859
Let x(l) = 8 + 0*l**3 - l**3 - 12*l**2 + l**3 + l + 2*l**3. Let b = 207 - 200. What are the prime factors of x(b)?
113
Suppose -63 = -31*m + 30. List the prime factors of m/6*-2*(-14580)/12.
3, 5
Let z = -12 + 15. Suppose -3*h = -z*i - 12, 0 = -2*i + i - 4. Suppose -15*g + 12*g + 378 = h. What are the prime factors of g?
2, 3, 7
Let i(j) = -36*j - 178*j - 12*j - 243*j - 1. What are the prime factors of i(-1)?
2, 3, 13
Suppose -23 = -2*i - i + 4*j, 20 = -4*j. Let y be 224/7 + -3 + 1. What are the prime factors of 4910/y - 2/3*i?
163
Suppose -3*z + 5*l + 7 = 0, -8 = 2*z + l - 4. Suppose -134*j = -144*j - 1230. List the prime factors of ((-39)/(-9) + -4)/(z/j).
41
Suppose 0 = -c, -c - 1145 = -4*s + 15099. What are the prime factors of s?
31, 131
Suppose 0 = 2*d + 6*y - y + 49, 4*d + 28 = 4*y. Let u(f) = -6*f - 66. Let v be u(d). Let k(l) = 3*l**2 - 6*l + 10. List the prime factors of k(v).
2, 41
Suppose 192*d = 191*d - 77. Let g = -74 - d. Suppose 0 = g*q - 5*b - 125, -4*q - 4*b + 170 = -9*b. List the prime factors of q.
3, 5
Let i = -121 - 357. Let m(c) = -4*c**2 - 63*c + 874. Let y be m(11). Let n = y - i. List the prime factors of n.
5, 7
Suppose 4*t + 3*h = 269 + 502, -592 = -3*t - 5*h. Suppose 0 = 2*f - 5*n - 1829, f + t = -5*n + 1141. What are the prime factors of f?
3, 103
List the prime factors of (-111)/12*-116 + -11.
2, 3, 59
Suppose 32*q - 6696 = -3*x + 28*q, -4*x + 8890 = -q. List the prime factors of x.
2, 139
Let p(s) = 19*s**2 + 13*s + 37. Let j be p(-4). Suppose -19*z = -20*z + j. What are the prime factors of z?
17
Let y(g) = -11*g**2 + 18*g - 16. Let f be y(-5). Let p = 939 + f. List the prime factors of p.
2, 3, 31
Let f = 14496 + 18711. List the prime factors of f.
3, 11069
Let g = 108 - 108. Suppose 6*b = -g*b + 1008. Let p = 53 + b. List the prime factors of p.
13, 17
Suppose -5*m + 1 = -4*z, -5*m - 5*z + 19 = 54. Suppose 0 = 34*h + 261 - 4545. Let s = h - m. What are the prime factors of s?
3, 43
Let w be -8*(-1)/(-2) - (-1 + 5). Let j(h) = -67*h - 81. List the prime factors of j(w).
5, 7, 13
Let t(s) be the first derivative of 19/2*s**2 - 12 - 17/3*s**3 + 26*s - 1/4*s**4. List the prime factors of t(-18).
2
Let y be 30/18*(0 + 4740). Suppose 0 = -63*w + 73*w - y. List the prime factors of w.
2, 5, 79
Let w = 164 - 162. Suppose 0*a + w*a = 728. List the prime factors of a.
2, 7, 13
Let t = 188 + -116. What are the prime factors of -4 - t/(-6)*30?
2, 89
Let a be 0 - -2*(30/4 - 2). Suppose 53 + a = -8*r. List the prime factors of ((-3)/(-2))/(r/(-240)).
3, 5
Let l = -7 + 11. Suppose -l*u + s + 285 = 0, -u - 3*s = 2*u - 195. Suppose -278 = -4*b + 3*z, 0 = -b + 2*z + 2 + u. What are the prime factors of b?
2, 17
Let s = 266 + -254. Suppose -25*x = -s*x - 12805. What are the prime factors of x?
5, 197
Let g = -46360 + 66065. List the prime factors of g.
5, 7, 563
Let s be ((-1)/3 + 1)/(4/318). Suppose -b = 45 - s. Suppose 0 = -b*c + 10*c - 106. What are the prime factors of c?
53
Let r = 9554 - 3809. List the prime factors of r.
3, 5, 383
Let w = -68828 - -100673. What are the prime factors of w?
3, 5, 11, 193
Let u(j) = 3*j**3 - 31*j**2 + 2*j - 47. Let n be u(15). Suppose -6*i + i + n = 3*t, 0 = -t + 2*i + 1048. What are the prime factors of t?
2, 523
Let z(i) = i**3 + 5*i**2 + 4*i - 3. Let m be z(-3). Suppose f - 485 = -w, -4*w + m*f = -6*w + 967. List the prime factors of w.
2, 61
Let n(k) = -6*k + 56. Let t(f) = 4*f - 12. Let z be t(1). List the prime factors of n(z).
2, 13
Let a(j) = 8*j - 387. Let b be a(50). What are the prime factors of (15 - b)/((-1400)/(-698) + -2)?
349
Let j = -66 - -66. List the prime factors of (-12)/(-16) + j - (-565)/4.
2, 71
Let s(v) = 785*v**2 + 27*v - 205. List the prime factors of s(8).
31, 1621
Let s(v) = v**3 - 13*v**2 - 7*v - 3. Let t be s(13). Let l = 77 + t. List the prime factors of (76/4 + 1)/((-2)/l).
2, 5, 17
Suppose -p + 36 = 4*x - 35, 2*p + x - 177 = 0. Let w = p + -88. List the prime factors of 687/w + 1 + 3.
233
Let a(m) = 2*m**2 - 9*m - 71. Let w be (1 - (-57)/21)*(-21)/(-6). What are the prime factors of a(w)?
2, 3, 5
Suppose 0 = -0*r - 3*r + 60. Let t be 17 - (-3)/(8*(-30)/(-560)). Suppose t*u - r*u - 644 = 0. List the prime factors of u.
7, 23
Suppose -2415*s = -2402*s - 45227. List the prime factors of s.
7, 71
Let a(b) = b**2 + b + 334. Let g be (-1 + 2 + 1 + -2)/(-1). What are the prime factors of a(g)?
2, 167
Suppose 0 = -4*j + 37 + 91. Suppose 5*o = 5*a - 20, -2*o - 34 = 3*o + 2*a. Let h = o + j. List the prime factors of h.
2, 13
Let g be 28 + (4 - 0) + (2 - 2). Suppose g*j + 28872 = 56*j. What are the prime factors of j?
3, 401
Let c(u) = -282*u + 161. Suppose 5*h = 2*v + 15, 0 = -5*v + 3*h - 7*h - 21. What are the prime factors of c(v)?
1571
Let i(c) = 17274*c + 1311. List the prime factors of i(5).
3, 11, 2657
Suppose -3*g + 24 = 219. Let u = g - -70. Suppose 25 = -5*i + u, -200 = -2*p - 3*i. What are the prime factors of p?
2, 53
Suppose b - 2*b = -2*d + 864, -4*d - 2*b + 1744 = 0. Let m = d + 25. List the prime factors of m.
3, 17
Let d(u) = 3325*u - 8653. List the prime factors of d(19).
2, 3, 13, 233
Suppose -g = -4*f - 9, -2*f + 0*f - 3 = g. List the prime factors of (1832/20 - 7)/(f/(-10)).
3, 47
Let u = -34 + 83. List the prime factors of (-8)/(-28) + 17871/u.
5, 73
Let a(u) be the third derivative of 143*u**6/120 - u**5/60 + u**4/12 + u**3/3 + 11*u**2. Let n be a(-1). Let f = 103 - n. What are the prime factors of f?
13, 19
Let x be (-33)/11 - (2 - 8). Suppose x*a + 278 = 5*a. What are the prime factors of a?
139
Let c(i) be the second derivative of 43*i**3/6 - 17*i**2 + 90*i. What are the prime factors of c(3)?
5, 19
Suppose 5*v = -r - 2380, -11*v + 13*v = -3*r - 965. Let x = v + 789. List the prime factors of x.
2, 157
Let h(s) = 2*s**2 - 126*s - 1840. What are the prime factors of h(79)?
2, 43
Let d = -32690 - -45819. Suppose 32*j - d = 11479. What are the prime factors of j?
769
Suppose 4*t = 2*t + 56. Let m be (-6)/8 + 77/t. Suppose -2*l = -3 + 5, m*l = v - 35. List the prime factors of v.
3, 11
Let v = -8263 + 18603. List the prime factors of v.
2, 5, 11, 47
Let s(q) = 49*q - 59. Let v = 80 + -25. Let d be (-12)/(v/(-25) + (-2)/(-10)). What are the prime factors of s(d)?
5, 47
Let c = 0 + 0. Let r(i) = 61*i - 733. Let y be r(17). Suppose -m - 3*m - 4*u + y = 0, -4*m - u + 295 = c. What are the prime factors of m?
73
Suppose -326731 = -10